6*r/(-32).
3, 43
Let f(g) = -5*g - 31. Suppose -5*b + 322 = 12. Let q = 46 - b. List the prime factors of f(q).
7
Let c = -80 - -99. Let y(h) = h**2 - 17*h - 26. Let b be y(c). What are the prime factors of ((-208)/b + 5)*-3?
37
Suppose 4*d + 10086 = -72*y + 74*y, -3*y + d = -15159. List the prime factors of y.
3, 5, 337
Let l be (-4 + 1 + 1)/((-6)/15). Suppose 5*z + l*c - 1185 = 0, 4*z + 0*c - c - 958 = 0. What are the prime factors of z?
239
Let v(n) = 17*n**2 + 61*n - 1954. What are the prime factors of v(32)?
2, 3, 967
Suppose -4*p - p = -2095. Suppose 4*a - p = -15. List the prime factors of a.
101
Let w be -2 - (-7)/2*(-40)/(-70). Suppose 3*a - 12*a = w. Suppose a = 8*z + 137 - 801. List the prime factors of z.
83
Let a(c) = c**3 - 6*c**2 - c + 7. Suppose 0*j - 3*j + 51 = 3*r, -2*r = -4*j + 74. Suppose -31 - j = -7*p. What are the prime factors of a(p)?
7
Suppose -171 = -18*a - 45. Suppose 5*m + 1136 = a*m - n, 2*m - 1124 = -5*n. What are the prime factors of m?
3, 7
Let g(d) = -d**2 - 5*d - 2. Let q be g(-2). Let v(n) = -n**2 + 12*n - 12 - n + q. List the prime factors of v(7).
2, 5
Suppose 0 = 20*i - 4*i - 213337 - 80023. List the prime factors of i.
5, 19, 193
List the prime factors of -3 + (25/(275/(-66)) - -1858).
43
What are the prime factors of (-1)/((1/5)/(5825952/(-660)))?
2, 3, 613
Let d(i) = 114*i**2 + 1. Suppose 0 = r + 3, -h - 4*h - 2*r - 1 = 0. Suppose -5 = -6*k + h. List the prime factors of d(k).
5, 23
Suppose 5*x - 3286 - 789 = 0. Let l = -33 + x. List the prime factors of l.
2, 17, 23
Suppose 3*o + 301 + 20 = 0. Let z = -102 - o. What are the prime factors of z?
5
Let x be (-772)/52 + (-8)/52. What are the prime factors of (((-2650)/x)/1)/(6/9)?
5, 53
Let w = 163 + 15. Suppose 184*v - 474 = w*v. What are the prime factors of v?
79
Let x = 4808 + 4618. What are the prime factors of x?
2, 3, 1571
List the prime factors of 4*(3 - (-33925)/(-40))*-2.
6761
Suppose 1946 = 6*t - 154. Let s = 513 - t. List the prime factors of s.
163
Let h(y) = -21*y + 1. Let u be h(-1). Let k be -3 + 28 + 1 + 2. Let p = u + k. What are the prime factors of p?
2, 5
Let d be ((-206)/3)/(1/(-3)). Suppose -11*o + 5 = -28. Suppose -o*r = -5*r + d. List the prime factors of r.
103
Suppose 0 = z - 86 + 78. Suppose -z*o + o = -1190. List the prime factors of o.
2, 5, 17
Suppose 6*y = 18 + 6. Suppose 0 = 3*m + 12, 2*f + 0*m = -y*m. Suppose -f*q + 391 = -217. List the prime factors of q.
2, 19
Suppose 2*c = 3*l - 0*l - 11, -c = 2*l - 12. Suppose -l*i - g + 1963 = 0, 0 = 2*i + 5*g - 355 - 421. List the prime factors of i.
3, 131
Let f(o) = -13*o + 17. Let h be f(-3). Suppose -5*z = -7*z + h. Suppose 28 = -z*y + 30*y. What are the prime factors of y?
2, 7
Let n = -11292 + 24239. What are the prime factors of n?
11, 107
Suppose 0 = -2*y + 2*w - 6, -3*w + 6 + 3 = 5*y. Suppose y = -2*c - 0*r - 3*r + 430, 2*r + 410 = 2*c. What are the prime factors of c?
11, 19
Suppose -2*u = -2*a - a - 65, 0 = 4*u + 2*a - 122. Suppose -u*f + 24*f + 1771 = 0. List the prime factors of f.
11, 23
Let z = -3568 - -11613. What are the prime factors of z?
5, 1609
Let x be (-20)/(-4)*(-24)/5. What are the prime factors of (-3286)/(-10) + x/(-60)?
7, 47
Let c(k) = -k**2 + 122*k - 333. What are the prime factors of c(49)?
2, 811
Let q = -51408 - -80787. List the prime factors of q.
3, 7, 1399
Let s be (-6 + 11)/(2 - 1). Suppose 4*f + 2*c - 3 - 143 = 0, -s*f + 193 = -c. Let y = f - -14. What are the prime factors of y?
2, 13
Let d = -571 - -501. Let q = d - -183. List the prime factors of q.
113
Let n(k) = 7*k**2 - 97*k - 816. List the prime factors of n(-35).
2, 3, 11, 13
Let v(m) = 4*m**2 - 4*m - 7. Let r be v(-7). Let d = r + -29. Suppose 0 = -q - 2, -2*q = -3*j - 7*q + d. What are the prime factors of j?
2, 3, 11
Let x = -10543 + 20258. List the prime factors of x.
5, 29, 67
Let s(k) = 42 + 32*k - 14 - 1. Let z be s(5). Let a = z - 49. List the prime factors of a.
2, 3, 23
Let u(k) = 503*k**2 + 418*k + 2125. List the prime factors of u(-5).
2, 5, 13, 97
Suppose 2*y + 16 = 10*y. Suppose -4*w + y*n = -4, 7*n - 4*n = 6. What are the prime factors of w?
2
Suppose -42765 = -25*t + 1779804 - 944. List the prime factors of t.
5, 13, 19, 59
Suppose 128 = -3*n - 2*z, -3*z - 71 = n - 8*z. What are the prime factors of (-1058)/n + -1 + 1?
23
Let u(i) = 2*i**3 + 9*i**2 - 10*i + 17. Let r(c) = 3*c**3 + 17*c**2 - 19*c + 35. Let s(v) = 3*r(v) - 5*u(v). What are the prime factors of s(4)?
2, 3
Let a = 22663 - 4571. What are the prime factors of a?
2, 4523
What are the prime factors of (-96)/(-176) + 16447949/341?
5, 11, 877
Let g be 2*(-1 + -199 + 4). Let h = g - -735. List the prime factors of h.
7
Let j(c) = -4*c**2 - 9*c + 2. Let y be j(-11). Let b = 134 - y. List the prime factors of b.
11, 47
Let l(t) = t**3 + 7*t**2 + 11*t + 6. Let x be l(-2). Suppose x*u - 5*z + 332 = 7*u, -u + z = -124. List the prime factors of u.
7, 17
Suppose 33*w - 29*w = 12. Suppose k - t = -4*t + 1, 0 = -w*k - 4*t + 8. Suppose -4*x = -k, 2*x = 5*l + x - 549. What are the prime factors of l?
2, 5, 11
Let m = -12 - -11. Let j(r) = -2*r**3 - r**2 - r. Let n be j(m). List the prime factors of (n/(-3) - (-10)/6) + 74.
3, 5
Let n be 65/(25/5) - 3/1. Let b(o) = 5*o - 32. Let m be b(n). Suppose -m*t = -17*t - 33. What are the prime factors of t?
3, 11
Let u be 1*(-15)/(-10)*(-16)/6. Let y(a) = -128*a - 126. What are the prime factors of y(u)?
2, 193
Suppose 0*i + 9 = -i + 2*r, 4*r - 3 = -3*i. Let u = i + 6. Suppose -6*c = -u*c - 525. What are the prime factors of c?
5, 7
Let f(a) = -679*a - 3935. What are the prime factors of f(-15)?
2, 5
Suppose q - 25300 = -2*q - 2*q. List the prime factors of q.
2, 5, 11, 23
Suppose -3*j - 7619 = -4*u + 833, 16 = 4*j. List the prime factors of u.
2, 23
Let v be (4/6)/(18/3915). Suppose q = -0*q + v. What are the prime factors of q?
5, 29
Let c = 18 + -16. Suppose -p = 3*r - 2269, c*r - 4 = -14. Suppose p = 18*z - 380. What are the prime factors of z?
2, 37
Suppose -19*l + 46883 = -80759. List the prime factors of (-8)/(-64) + l/16.
2, 3, 5, 7
Let k(s) = -2*s**3 + 2*s + 0*s + 23 + s**3 - 4*s**2 - 29. Let q be k(-5). Let n(x) = 2*x**2 - 8*x + 18. List the prime factors of n(q).
2, 3
Suppose 2389325 = -246*c + 12605061 + 4207736. What are the prime factors of c?
2, 3, 7, 349
Let p = -100 + 40. Let f = p + 62. Suppose -3*t + 3*i + 288 = 0, -f*t = -i - 143 - 45. List the prime factors of t.
2, 23
Let k = -197 - -636. Let o = k + 328. What are the prime factors of o?
13, 59
Suppose 0 = -a + 6*a + 4*j + 540, -5*a - 570 = -2*j. Let q be (a/(-48))/(2/6). Suppose -q*x - 467 = -1867. What are the prime factors of x?
2, 5
Suppose 0 = q + 7*q - 128. Suppose -q - 26 = -d - o, 0 = -4*d - 3*o + 165. Suppose -d = -5*s + 146. What are the prime factors of s?
37
Let o be ((-8)/16)/((-1)/2). Suppose -3*u + 3 = 0, -5*t + 4 = -5*u - o. Suppose t*i = 85 + 29. List the prime factors of i.
3, 19
Let n = 363 + 13361. List the prime factors of n.
2, 47, 73
Suppose 3*b + 820 = -17*a + 16*a, b + 268 = -3*a. Let g = b - -547. List the prime factors of g.
3, 7, 13
Suppose 214*s - 31*s + 226*s - 17884343 = 0. What are the prime factors of s?
73, 599
Suppose -448 = 11*m - 7*m. Let v = m + 39. Let w = v - -80. List the prime factors of w.
7
Let k(y) = -y**2 + y - 5. Let h be k(0). Let v be (-3 - -2)/(5*h/(-600)). List the prime factors of (v/14)/((-10)/245).
2, 3, 7
Suppose -1230740 = -131*r + 1261955 - 57667. List the prime factors of r.
2, 3, 1549
Let p(b) = -22403*b + 18. Let k be p(2). List the prime factors of 11/(-132) + k/(-48).
3, 311
Let h be (3/1 + 5)*(-1 - -2). Suppose 5*n - 7 + 27 = 5*v, -h = -2*v. Suppose -5*p = -n*p - 1245. What are the prime factors of p?
3, 83
Let g(t) be the third derivative of t**5/30 + 5*t**4/8 - 4*t**3 - t**2 - 7. What are the prime factors of g(12)?
2, 3, 37
Let v(y) = -5*y**3 - 18*y**2 - 32*y + 14. What are the prime factors of v(-16)?
2, 3, 911
Let p = 1444 + -4093. Let j = p - -4019. Suppose -167*k + 172*k = j. List the prime factors of k.
2, 137
Let b(o) = -41*o - 151 - 62 - 8*o + 50 - 13*o. What are the prime factors of b(-9)?
5, 79
Let x be (0 - -1)/(6 + -5)*1. Suppose z - x = 15. List the prime factors of 24/z + 1/2.
2
Let d(g) = -2*g**3 - 7*g**2 + g + 26. Let t be (1/3)/